1
In base 15, what is 8a - -1?
8b
In base 5, what is 42143 + 1?
42144
In base 14, what is 71 + 1?
72
In base 12, what is 0 - 35?
-35
In base 14, what is -30 - -1?
-2d
In base 10, what is -64 - 91?
-155
In base 16, what is -1 - e9?
-ea
In base 6, what is 32 - -23?
55
In base 6, what is 4550 - -12?
5002
In base 8, what is 42 + 5?
47
In base 13, what is 5 + 127?
12c
In base 2, what is 10111110010 - -100?
10111110110
In base 9, what is 1624 + -1?
1623
In base 5, what is -10 - 323?
-333
In base 15, what is -bb5 + 5?
-bb0
In base 6, what is -22555 + 2?
-22553
In base 8, what is 5 + -30?
-23
In base 10, what is 348 - 32?
316
In base 4, what is 10 + -3201?
-3131
In base 4, what is -30 - -1132?
1102
In base 9, what is 710 - 6?
703
In base 10, what is 1 - 5?
-4
In base 14, what is 4 - 1995?
-1991
In base 15, what is 5d - -d?
6b
In base 4, what is 301 - 10?
231
In base 5, what is -212 + -240?
-1002
In base 7, what is -543 + 2?
-541
In base 2, what is 11111011 - -11?
11111110
In base 8, what is 334 + -3?
331
In base 5, what is -44 - 12?
-111
In base 7, what is 31250 + 2?
31252
In base 15, what is -1 + 53b?
53a
In base 5, what is 400302 - 3?
400244
In base 8, what is -2650 + -2?
-2652
In base 10, what is -4 + -11?
-15
In base 10, what is -2 + 47?
45
In base 7, what is 136 - -4?
143
In base 7, what is 366 - 1?
365
In base 13, what is -b - 2a1?
-2ac
In base 8, what is 4 + -1015?
-1011
In base 14, what is 427 - c?
419
In base 11, what is -1 + -198?
-199
In base 14, what is -16 - 2?
-18
In base 2, what is -10 - 1001011010?
-1001011100
In base 8, what is -1 - -243?
242
In base 2, what is -111111 + -11?
-1000010
In base 11, what is -27 - -85?
59
In base 15, what is -3 + -865?
-868
In base 14, what is -5 + 153?
14c
In base 15, what is -1c - 3?
-20
In base 13, what is 0 + 98?
98
In base 8, what is 1 - -6574?
6575
In base 10, what is -1 - -31?
30
In base 15, what is -c3 + -1?
-c4
In base 11, what is 6 + -3?
3
In base 14, what is 1 + -16?
-15
In base 8, what is 14 + 13?
27
In base 15, what is -4 + 762?
75d
In base 13, what is -2 - 725?
-727
In base 9, what is -4 - 752?
-756
In base 2, what is -1011110011 + -1?
-1011110100
In base 11, what is 27 - 40?
-14
In base 14, what is 643 - 1?
642
In base 5, what is 10 + -104?
-44
In base 11, what is -21 + 14?
-8
In base 4, what is 3231 + -2?
3223
In base 7, what is 4 + -3?
1
In base 16, what is 71 + -d?
64
In base 14, what is -19c - -2?
-19a
In base 3, what is 1222 + -122?
1100
In base 10, what is 7 - 1?
6
In base 5, what is -12342 + 21?
-12321
In base 9, what is -58 + -625?
-684
In base 7, what is 1 + 225?
226
In base 2, what is -1 - 111001010?
-111001011
In base 2, what is 110 + -1?
101
In base 9, what is -46 + 4?
-42
In base 15, what is 35 + 4?
39
In base 16, what is 3 + -3c?
-39
In base 5, what is 134 - 204?
-20
In base 5, what is -2332 + -1?
-2333
In base 3, what is -21221010 + -11?
-21221021
In base 4, what is 100 - -302?
1002
In base 5, what is -10 + -20143?
-20203
In base 2, what is -10111 + 101?
-10010
In base 11, what is -3 + -132?
-135
In base 6, what is 0 - 53?
-53
In base 4, what is 10 + -3211?
-3201
In base 16, what is 205 - 5?
200
In base 9, what is -10218 + 1?
-10217
In base 2, what is -1000110000011 + 10?
-1000110000001
In base 11, what is 5 + 306?
310
In base 5, what is -1 - 20100?
-20101
In base 7, what is 5 + -210?
-202
In base 10, what is -4403 - 5?
-4408
In base 6, what is 1434 - 20?
1414
In base 10, what is 2 + 9?
11
In base 7, what is -4 + 104?
100
In base 4, what is -22 + -113?
-201
In base 7, what is 22 + -3?
16
In base 14, what is 1 + 103?
104
In base 16, what is de - 4?
da
In base 14, what is 62 + -4?
5c
In base 3, what is -11 - -100?
12
In base 5, what is 132 - 210?
-23
In base 4, what is 2322 - -120?
3102
In base 9, what is -10 - -40?
30
In base 15, what is -493 - -18?
-47a
In base 10, what is 29 - 6?
23
In base 14, what is 1 - 11?
-10
In base 14, what is -97 - -5?
-92
In base 14, what is 1 + 23?
24
In base 4, what is -2000 + 1?
-1333
In base 9, what is -4 + -257?
-262
In base 7, what is 4 + -140?
-133
In base 12, what is -1699 - 2?
-169b
In base 12, what is 8 + -448?
-440
In base 8, what is 14122 - 1?
14121
In base 5, what is 21 + 120?
141
In base 15, what is -e + 41d?
40e
In base 5, what is -1 - -210?
204
In base 4, what is -23212232 + 0?
-23212232
In base 8, what is -5 - 23?
-30
In base 8, what is 12 - 0?
12
In base 15, what is 5 + -3ea?
-3e5
In base 12, what is -b - 21?
-30
In base 4, what is -2031100 + 0?
-2031100
In base 5, what is 14134 - 0?
14134
In base 15, what is 33e - 0?
33e
In base 7, what is -26 - 211?
-240
In base 12, what is 3b - -66?
a5
In base 16, what is -4 - -13?
f
In base 3, what is 2 - 1212?
-1210
In base 16, what is 16 + -3?
13
In base 14, what is -2a7 - 11?
-2b8
In base 4, what is -2 - -20333?
20331
In base 8, what is -21 + 11?
-10
In base 10, what is -5589 - -8?
-5581
In base 16, what is 1 + 783?
784
In base 3, what is 1000002 - -1?
1000010
In base 16, what is -3b7 - 5?
-3bc
In base 2, what is -11 - 101?
-1000
In base 14, what is 5 - 2009?
-2004
In base 6, what is 4321 - -1?
4322
In base 16, what is -4 + -cf?
-d3
In base 8, what is 137 - 66?
51
In base 12, what is b9 - 5?
b4
In base 9, what is -50 - 4?
-54
In base 16, what is -8c - f?
-9b
In base 3, what is 0 - -11002?
11002
In base 7, what is -16 + 136?
120
In base 7, what is 3 - 10024?
-10021
In base 15, what is -1 + -2a?
-2b
In base 6, what is -1422 - 4?
-1430
In base 15, what is -a - -2?
-8
In base 14, what is -6 - 830?
-836
In base 11, what is -82 + 22?
-60
In base 12, what is 19 - -140?
159
In base 12, what is -125 - 32?
-157
In base 12, what is -8 + -27?
-33
In base 16, what is 3 - 3ec?
-3e9
In base 6, what is -3 - 104?
-111
In base 11, what is -25 + -61?
-86
In base 2, what is 1011 - -1011011101?
1011101000
In base 7, what is 1315 + 3?
1321
In base 2, what is -1011001011 + 111?
-1011000100
In base 16, what is 2 - -5fb?
5fd
In base 4, what is -2 + -213230?
-213232
In base 11, what is 1a - -13?
32
In base 11, what is 5 - -1085?
108a
In base 10, what is 345 + 24?
369
In base 11, what is 15 + 31?
46
In base 7, what is -16 - 100?
-116
In base 15, what is -18 + 0?
-18
In base 6, what is 2 - 1302?
-1300
In base 12, what is -45 + 26?
-1b
In base 7, what is 33 + -63?
-30
In base 14, what is 78 + -c?
6a
In base 4, what is 33 - 10?
23
In base 16, what is -1 - -1bd?
1bc
In base 10, what is -3 + 79?
76
In base 16, what is -2 - 48?
-4a
In base 11, what is -a3 - 0?
-a3
In base 2, what is -100001101 + 101?
-100001000
In base 3, what is 201 + -200?
1
In base 3, what is -222 + -210200?
-211122
In base 7, what is -4 - 3013?
-3020
In base 2, what is 10 - 100001010?
-100001000
In base 6, what is -101 + -24?
-125
In base 5, what is 10 + 241?
301
In base 16, what is -eb - 4?
-ef
In base 5, what is -10 + -312?
-322
In base 3, what is -1100 + -2?
-1102
In base 11, what is 4 - -81?
85
In base 7, what is 6 - -25?
34
In base 10, what is -2 - -5?
3
In base 6, what is 23 + 15?
42
In base 14, what is -51a + 17?
-503
In base 13, what is -61 - 23?
-84
In base 12, what is 264 + -1b?
245
In base 11, what is -1aa - -41?
-169
In base 7, what is -413 - 11?
-424
In base 8, what is -47 - 5?
-54
In base 14, what is 31 - 4?
2b
In base 7, what is -5 + 131?
123
In base 3, what is -1100210 - 2?
-1100212
In base 4, what is -11 - 20233?
-20310
In base 16, what is 7 + -10?
-9
In base 12, what is 4 - 6?
-2
In base 13, what is 14 + -4a?
-36
In base 3, what is -10 - 101202?
-101212
In base 8, what is 3723 - -1?
3724
In base 7, what is -3 + -2465?
-2501
In base 12, what is b93 + 6?
b99
In base 6, what is -13232 + -4?
-13240
In base 3, what is 11110 + 202?
12012
In base 9, what is 63 - -2?
65
In base 6, what is -23 - -125?
102
In base 16, what is 3a5 + -1?
3a4
In base 14, what is 3253 + -2?
3251
In base 10, what is -4 - 424?
-428
In base 13, what is -2949 + -2?
-294b
In base 2, what is -110110010010 + 0?
-110110010010
In base 6, what is -4 - -1?
-3
In base 3, what is 12101110 + -20?
12101020
In base 8, what is 307 + -5?
302
In base 11, what is -1 + a83?
a82
In base 13, what is -3 + 62?
5c
In base 10, what is -2 - 736?
-738
In base 13, what is 370 - 5?
368
In base 10, what is 4 - 217?
-213
In base 11, what is 8395 + 4?
8399
In base 8, what is -10 + -1227?
-1237
